{"id":3053,"date":"2022-03-15T10:52:12","date_gmt":"2022-03-15T09:52:12","guid":{"rendered":"https:\/\/billingensstugby.se\/wp-content\/uploads\/2022\/03\/009-hires-_01A4361.jpg"},"modified":"2022-03-15T10:59:57","modified_gmt":"2022-03-15T09:59:57","slug":"fotograf-andre-nordblom-9-2","status":"inherit","type":"attachment","link":"https:\/\/billingensstugby.se\/de\/hem\/fotograf-andre-nordblom-9-2\/","title":{"rendered":"Fotograf Andr\u00e9 Nordblom"},"author":6,"featured_media":0,"comment_status":"open","ping_status":"closed","template":"","meta":{"_acf_changed":false,"_genesis_hide_title":false,"_genesis_hide_breadcrumbs":false,"_genesis_hide_singular_image":false,"_genesis_hide_footer_widgets":false,"_genesis_custom_body_class":"","_genesis_custom_post_class":"","_genesis_layout":""},"class_list":{"0":"post-3053","1":"attachment","2":"type-attachment","3":"status-inherit","5":"entry"},"acf":[],"yoast_head":"<!-- This site is optimized with the Yoast SEO plugin v27.5 - https:\/\/yoast.com\/product\/yoast-seo-wordpress\/ -->\n<title>Fotograf Andr\u00e9 Nordblom - Billingens stugby &amp; camping<\/title>\n<meta name=\"robots\" content=\"index, follow, max-snippet:-1, max-image-preview:large, max-video-preview:-1\" \/>\n<link rel=\"canonical\" href=\"https:\/\/billingensstugby.se\/de\/hem\/fotograf-andre-nordblom-9-2\/\" \/>\n<meta property=\"og:locale\" content=\"de_DE\" \/>\n<meta property=\"og:type\" content=\"article\" \/>\n<meta property=\"og:title\" content=\"Fotograf Andr\u00e9 Nordblom - Billingens stugby &amp; camping\" \/>\n<meta property=\"og:description\" content=\"Kring matbordet p\u00e5 Billingens stugby &amp; camping\" \/>\n<meta property=\"og:url\" content=\"https:\/\/billingensstugby.se\/de\/hem\/fotograf-andre-nordblom-9-2\/\" \/>\n<meta property=\"og:site_name\" content=\"Billingens stugby &amp; camping\" \/>\n<meta property=\"article:modified_time\" content=\"2022-03-15T09:59:57+00:00\" \/>\n<meta property=\"og:image\" content=\"https:\/\/billingensstugby.se\/wp-content\/uploads\/2022\/03\/009-hires-_01A4361-scaled.jpg\" \/>\n\t<meta property=\"og:image:width\" content=\"2560\" \/>\n\t<meta property=\"og:image:height\" content=\"1707\" \/>\n\t<meta property=\"og:image:type\" content=\"image\/jpeg\" \/>\n<meta name=\"twitter:card\" content=\"summary_large_image\" \/>\n<script type=\"application\/ld+json\" class=\"yoast-schema-graph\">{\"@context\":\"https:\\\/\\\/schema.org\",\"@graph\":[{\"@type\":\"WebPage\",\"@id\":\"https:\\\/\\\/billingensstugby.se\\\/de\\\/hem\\\/fotograf-andre-nordblom-9-2\\\/\",\"url\":\"https:\\\/\\\/billingensstugby.se\\\/de\\\/hem\\\/fotograf-andre-nordblom-9-2\\\/\",\"name\":\"Fotograf Andr\u00e9 Nordblom - Billingens stugby &amp; camping\",\"isPartOf\":{\"@id\":\"https:\\\/\\\/billingensstugby.se\\\/de\\\/#website\"},\"datePublished\":\"2022-03-15T09:52:12+00:00\",\"dateModified\":\"2022-03-15T09:59:57+00:00\",\"breadcrumb\":{\"@id\":\"https:\\\/\\\/billingensstugby.se\\\/de\\\/hem\\\/fotograf-andre-nordblom-9-2\\\/#breadcrumb\"},\"inLanguage\":\"de\",\"potentialAction\":[{\"@type\":\"ReadAction\",\"target\":[\"https:\\\/\\\/billingensstugby.se\\\/de\\\/hem\\\/fotograf-andre-nordblom-9-2\\\/\"]}]},{\"@type\":\"BreadcrumbList\",\"@id\":\"https:\\\/\\\/billingensstugby.se\\\/de\\\/hem\\\/fotograf-andre-nordblom-9-2\\\/#breadcrumb\",\"itemListElement\":[{\"@type\":\"ListItem\",\"position\":1,\"name\":\"Hem\",\"item\":\"https:\\\/\\\/billingensstugby.se\\\/de\\\/\"},{\"@type\":\"ListItem\",\"position\":2,\"name\":\"Home\",\"item\":\"https:\\\/\\\/billingensstugby.se\\\/de\\\/\"},{\"@type\":\"ListItem\",\"position\":3,\"name\":\"Fotograf Andr\u00e9 Nordblom\"}]},{\"@type\":\"WebSite\",\"@id\":\"https:\\\/\\\/billingensstugby.se\\\/de\\\/#website\",\"url\":\"https:\\\/\\\/billingensstugby.se\\\/de\\\/\",\"name\":\"Billingens stugby &amp; camping\",\"description\":\"Natursk\u00f6n stugby &amp; camping bel\u00e4gen 3,5 km fr\u00e5n centrum, p\u00e5 berget Billingen. Hyr ut stugor \u00e5ret runt. STF vandrarhem och SCR camping.\",\"publisher\":{\"@id\":\"https:\\\/\\\/billingensstugby.se\\\/de\\\/#organization\"},\"potentialAction\":[{\"@type\":\"SearchAction\",\"target\":{\"@type\":\"EntryPoint\",\"urlTemplate\":\"https:\\\/\\\/billingensstugby.se\\\/de\\\/?s={search_term_string}\"},\"query-input\":{\"@type\":\"PropertyValueSpecification\",\"valueRequired\":true,\"valueName\":\"search_term_string\"}}],\"inLanguage\":\"de\"},{\"@type\":\"Organization\",\"@id\":\"https:\\\/\\\/billingensstugby.se\\\/de\\\/#organization\",\"name\":\"Billingens stugby och camping\",\"url\":\"https:\\\/\\\/billingensstugby.se\\\/de\\\/\",\"logo\":{\"@type\":\"ImageObject\",\"inLanguage\":\"de\",\"@id\":\"https:\\\/\\\/billingensstugby.se\\\/de\\\/#\\\/schema\\\/logo\\\/image\\\/\",\"url\":\"https:\\\/\\\/billingensstugby.se\\\/wp-content\\\/uploads\\\/2016\\\/11\\\/loggabillingen-e1611223751434.png\",\"contentUrl\":\"https:\\\/\\\/billingensstugby.se\\\/wp-content\\\/uploads\\\/2016\\\/11\\\/loggabillingen-e1611223751434.png\",\"width\":402,\"height\":123,\"caption\":\"Billingens stugby och camping\"},\"image\":{\"@id\":\"https:\\\/\\\/billingensstugby.se\\\/de\\\/#\\\/schema\\\/logo\\\/image\\\/\"},\"sameAs\":[\"https:\\\/\\\/www.instagram.com\\\/billingensstugby\\\/\"]}]}<\/script>\n<!-- \/ Yoast SEO plugin. -->","yoast_head_json":{"title":"Fotograf Andr\u00e9 Nordblom - Billingens stugby &amp; camping","robots":{"index":"index","follow":"follow","max-snippet":"max-snippet:-1","max-image-preview":"max-image-preview:large","max-video-preview":"max-video-preview:-1"},"canonical":"https:\/\/billingensstugby.se\/de\/hem\/fotograf-andre-nordblom-9-2\/","og_locale":"de_DE","og_type":"article","og_title":"Fotograf Andr\u00e9 Nordblom - Billingens stugby &amp; camping","og_description":"Kring matbordet p\u00e5 Billingens stugby & camping","og_url":"https:\/\/billingensstugby.se\/de\/hem\/fotograf-andre-nordblom-9-2\/","og_site_name":"Billingens stugby &amp; camping","article_modified_time":"2022-03-15T09:59:57+00:00","og_image":[{"width":2560,"height":1707,"url":"https:\/\/billingensstugby.se\/wp-content\/uploads\/2022\/03\/009-hires-_01A4361-scaled.jpg","type":"image\/jpeg"}],"twitter_card":"summary_large_image","schema":{"@context":"https:\/\/schema.org","@graph":[{"@type":"WebPage","@id":"https:\/\/billingensstugby.se\/de\/hem\/fotograf-andre-nordblom-9-2\/","url":"https:\/\/billingensstugby.se\/de\/hem\/fotograf-andre-nordblom-9-2\/","name":"Fotograf Andr\u00e9 Nordblom - Billingens stugby &amp; camping","isPartOf":{"@id":"https:\/\/billingensstugby.se\/de\/#website"},"datePublished":"2022-03-15T09:52:12+00:00","dateModified":"2022-03-15T09:59:57+00:00","breadcrumb":{"@id":"https:\/\/billingensstugby.se\/de\/hem\/fotograf-andre-nordblom-9-2\/#breadcrumb"},"inLanguage":"de","potentialAction":[{"@type":"ReadAction","target":["https:\/\/billingensstugby.se\/de\/hem\/fotograf-andre-nordblom-9-2\/"]}]},{"@type":"BreadcrumbList","@id":"https:\/\/billingensstugby.se\/de\/hem\/fotograf-andre-nordblom-9-2\/#breadcrumb","itemListElement":[{"@type":"ListItem","position":1,"name":"Hem","item":"https:\/\/billingensstugby.se\/de\/"},{"@type":"ListItem","position":2,"name":"Home","item":"https:\/\/billingensstugby.se\/de\/"},{"@type":"ListItem","position":3,"name":"Fotograf Andr\u00e9 Nordblom"}]},{"@type":"WebSite","@id":"https:\/\/billingensstugby.se\/de\/#website","url":"https:\/\/billingensstugby.se\/de\/","name":"Billingens stugby &amp; camping","description":"Natursk\u00f6n stugby &amp; camping bel\u00e4gen 3,5 km fr\u00e5n centrum, p\u00e5 berget Billingen. Hyr ut stugor \u00e5ret runt. STF vandrarhem och SCR camping.","publisher":{"@id":"https:\/\/billingensstugby.se\/de\/#organization"},"potentialAction":[{"@type":"SearchAction","target":{"@type":"EntryPoint","urlTemplate":"https:\/\/billingensstugby.se\/de\/?s={search_term_string}"},"query-input":{"@type":"PropertyValueSpecification","valueRequired":true,"valueName":"search_term_string"}}],"inLanguage":"de"},{"@type":"Organization","@id":"https:\/\/billingensstugby.se\/de\/#organization","name":"Billingens stugby och camping","url":"https:\/\/billingensstugby.se\/de\/","logo":{"@type":"ImageObject","inLanguage":"de","@id":"https:\/\/billingensstugby.se\/de\/#\/schema\/logo\/image\/","url":"https:\/\/billingensstugby.se\/wp-content\/uploads\/2016\/11\/loggabillingen-e1611223751434.png","contentUrl":"https:\/\/billingensstugby.se\/wp-content\/uploads\/2016\/11\/loggabillingen-e1611223751434.png","width":402,"height":123,"caption":"Billingens stugby och camping"},"image":{"@id":"https:\/\/billingensstugby.se\/de\/#\/schema\/logo\/image\/"},"sameAs":["https:\/\/www.instagram.com\/billingensstugby\/"]}]}},"description":{"rendered":"<p class=\"attachment\"><a href='https:\/\/billingensstugby.se\/wp-content\/uploads\/2022\/03\/009-hires-_01A4361-scaled.jpg'><img fetchpriority=\"high\" decoding=\"async\" width=\"300\" height=\"200\" src=\"https:\/\/billingensstugby.se\/wp-content\/uploads\/2022\/03\/009-hires-_01A4361-300x200.jpg\" class=\"attachment-medium size-medium\" alt=\"Kring matbordet p\u00e5 Billingens stugby &amp; camping\" srcset=\"https:\/\/billingensstugby.se\/wp-content\/uploads\/2022\/03\/009-hires-_01A4361-300x200.jpg 300w, https:\/\/billingensstugby.se\/wp-content\/uploads\/2022\/03\/009-hires-_01A4361-1024x683.jpg 1024w, https:\/\/billingensstugby.se\/wp-content\/uploads\/2022\/03\/009-hires-_01A4361-768x512.jpg 768w, https:\/\/billingensstugby.se\/wp-content\/uploads\/2022\/03\/009-hires-_01A4361-1536x1024.jpg 1536w, https:\/\/billingensstugby.se\/wp-content\/uploads\/2022\/03\/009-hires-_01A4361-2048x1365.jpg 2048w, https:\/\/billingensstugby.se\/wp-content\/uploads\/2022\/03\/009-hires-_01A4361-750x500.jpg 750w\" sizes=\"(max-width: 300px) 100vw, 300px\" \/><\/a><\/p>\n"},"caption":{"rendered":"<p>Kring matbordet p\u00e5 Billingens stugby &#038; camping<\/p>\n"},"alt_text":"Kring matbordet p\u00e5 Billingens stugby & camping","media_type":"image","mime_type":"image\/jpeg","media_details":{"width":2560,"height":1707,"file":"2022\/03\/009-hires-_01A4361-scaled.jpg","sizes":{"medium":{"file":"009-hires-_01A4361-300x200.jpg","width":300,"height":200,"mime_type":"image\/jpeg","source_url":"https:\/\/billingensstugby.se\/wp-content\/uploads\/2022\/03\/009-hires-_01A4361-300x200.jpg"},"large":{"file":"009-hires-_01A4361-1024x683.jpg","width":1024,"height":683,"mime_type":"image\/jpeg","source_url":"https:\/\/billingensstugby.se\/wp-content\/uploads\/2022\/03\/009-hires-_01A4361-1024x683.jpg"},"thumbnail":{"file":"009-hires-_01A4361-150x150.jpg","width":150,"height":150,"mime_type":"image\/jpeg","source_url":"https:\/\/billingensstugby.se\/wp-content\/uploads\/2022\/03\/009-hires-_01A4361-150x150.jpg"},"medium_large":{"file":"009-hires-_01A4361-768x512.jpg","width":768,"height":512,"mime_type":"image\/jpeg","source_url":"https:\/\/billingensstugby.se\/wp-content\/uploads\/2022\/03\/009-hires-_01A4361-768x512.jpg"},"1536x1536":{"file":"009-hires-_01A4361-1536x1024.jpg","width":1536,"height":1024,"mime_type":"image\/jpeg","source_url":"https:\/\/billingensstugby.se\/wp-content\/uploads\/2022\/03\/009-hires-_01A4361-1536x1024.jpg"},"2048x2048":{"file":"009-hires-_01A4361-2048x1365.jpg","width":2048,"height":1365,"mime_type":"image\/jpeg","source_url":"https:\/\/billingensstugby.se\/wp-content\/uploads\/2022\/03\/009-hires-_01A4361-2048x1365.jpg"},"sidebar-featured":{"file":"009-hires-_01A4361-75x75.jpg","width":75,"height":75,"mime_type":"image\/jpeg","source_url":"https:\/\/billingensstugby.se\/wp-content\/uploads\/2022\/03\/009-hires-_01A4361-75x75.jpg"},"genesis-singular-images":{"file":"009-hires-_01A4361-702x526.jpg","width":702,"height":526,"mime_type":"image\/jpeg","source_url":"https:\/\/billingensstugby.se\/wp-content\/uploads\/2022\/03\/009-hires-_01A4361-702x526.jpg"},"stugorarkiv":{"file":"009-hires-_01A4361-750x500.jpg","width":750,"height":500,"mime_type":"image\/jpeg","source_url":"https:\/\/billingensstugby.se\/wp-content\/uploads\/2022\/03\/009-hires-_01A4361-750x500.jpg"},"full":{"file":"009-hires-_01A4361-scaled.jpg","width":2560,"height":1707,"mime_type":"image\/jpeg","source_url":"https:\/\/billingensstugby.se\/wp-content\/uploads\/2022\/03\/009-hires-_01A4361-scaled.jpg"}},"image_meta":{"aperture":"1.6","credit":"","camera":"Canon EOS R6","caption":"","created_timestamp":"1634142985","copyright":"Fotograf Andr\u00e9 Nordblom \/ www.andrenordblom.se","focal_length":"35","iso":"4000","shutter_speed":"0.00625","title":"Fotograf Andr\u00e9 Nordblom","orientation":"0","keywords":[]},"original_image":"009-hires-_01A4361.jpg"},"post":2314,"source_url":"https:\/\/billingensstugby.se\/wp-content\/uploads\/2022\/03\/009-hires-_01A4361-scaled.jpg","_links":{"self":[{"href":"https:\/\/billingensstugby.se\/de\/wp-json\/wp\/v2\/media\/3053","targetHints":{"allow":["GET"]}}],"collection":[{"href":"https:\/\/billingensstugby.se\/de\/wp-json\/wp\/v2\/media"}],"about":[{"href":"https:\/\/billingensstugby.se\/de\/wp-json\/wp\/v2\/types\/attachment"}],"author":[{"embeddable":true,"href":"https:\/\/billingensstugby.se\/de\/wp-json\/wp\/v2\/users\/6"}],"replies":[{"embeddable":true,"href":"https:\/\/billingensstugby.se\/de\/wp-json\/wp\/v2\/comments?post=3053"}],"wp:attached-to":[{"embeddable":true,"post_type":"page","id":2314,"href":"https:\/\/billingensstugby.se\/de\/wp-json\/wp\/v2\/pages\/2314"}],"curies":[{"name":"wp","href":"https:\/\/api.w.org\/{rel}","templated":true}]}}

Fotograf André Nordblom

<!-- This site is optimized with the Yoast SEO plugin v27.5 - https://yoast.com/product/yoast-seo-wordpress/ -->
<title>Fotograf André Nordblom - Billingens stugby &amp; camping</title>
<meta name="robots" content="index, follow, max-snippet:-1, max-image-preview:large, max-video-preview:-1" />
<link rel="canonical" href="https://billingensstugby.se/de/hem/fotograf-andre-nordblom-9-2/" />
<meta property="og:locale" content="de_DE" />
<meta property="og:type" content="article" />
<meta property="og:title" content="Fotograf André Nordblom - Billingens stugby &amp; camping" />
<meta property="og:description" content="Kring matbordet på Billingens stugby &amp; camping" />
<meta property="og:url" content="https://billingensstugby.se/de/hem/fotograf-andre-nordblom-9-2/" />
<meta property="og:site_name" content="Billingens stugby &amp; camping" />
<meta property="article:modified_time" content="2022-03-15T09:59:57+00:00" />
<meta property="og:image" content="https://billingensstugby.se/wp-content/uploads/2022/03/009-hires-_01A4361-scaled.jpg" />
	<meta property="og:image:width" content="2560" />
	<meta property="og:image:height" content="1707" />
	<meta property="og:image:type" content="image/jpeg" />
<meta name="twitter:card" content="summary_large_image" />
<script type="application/ld+json" class="yoast-schema-graph">{"@context":"https:\/\/schema.org","@graph":[{"@type":"WebPage","@id":"https:\/\/billingensstugby.se\/de\/hem\/fotograf-andre-nordblom-9-2\/","url":"https:\/\/billingensstugby.se\/de\/hem\/fotograf-andre-nordblom-9-2\/","name":"Fotograf André Nordblom - Billingens stugby &amp; camping","isPartOf":{"@id":"https:\/\/billingensstugby.se\/de\/#website"},"datePublished":"2022-03-15T09:52:12+00:00","dateModified":"2022-03-15T09:59:57+00:00","breadcrumb":{"@id":"https:\/\/billingensstugby.se\/de\/hem\/fotograf-andre-nordblom-9-2\/#breadcrumb"},"inLanguage":"de","potentialAction":[{"@type":"ReadAction","target":["https:\/\/billingensstugby.se\/de\/hem\/fotograf-andre-nordblom-9-2\/"]}]},{"@type":"BreadcrumbList","@id":"https:\/\/billingensstugby.se\/de\/hem\/fotograf-andre-nordblom-9-2\/#breadcrumb","itemListElement":[{"@type":"ListItem","position":1,"name":"Hem","item":"https:\/\/billingensstugby.se\/de\/"},{"@type":"ListItem","position":2,"name":"Home","item":"https:\/\/billingensstugby.se\/de\/"},{"@type":"ListItem","position":3,"name":"Fotograf André Nordblom"}]},{"@type":"WebSite","@id":"https:\/\/billingensstugby.se\/de\/#website","url":"https:\/\/billingensstugby.se\/de\/","name":"Billingens stugby &amp; camping","description":"Naturskön stugby &amp; camping belägen 3,5 km från centrum, på berget Billingen. Hyr ut stugor året runt. STF vandrarhem och SCR camping.","publisher":{"@id":"https:\/\/billingensstugby.se\/de\/#organization"},"potentialAction":[{"@type":"SearchAction","target":{"@type":"EntryPoint","urlTemplate":"https:\/\/billingensstugby.se\/de\/?s={search_term_string}"},"query-input":{"@type":"PropertyValueSpecification","valueRequired":true,"valueName":"search_term_string"}}],"inLanguage":"de"},{"@type":"Organization","@id":"https:\/\/billingensstugby.se\/de\/#organization","name":"Billingens stugby och camping","url":"https:\/\/billingensstugby.se\/de\/","logo":{"@type":"ImageObject","inLanguage":"de","@id":"https:\/\/billingensstugby.se\/de\/#\/schema\/logo\/image\/","url":"https:\/\/billingensstugby.se\/wp-content\/uploads\/2016\/11\/loggabillingen-e1611223751434.png","contentUrl":"https:\/\/billingensstugby.se\/wp-content\/uploads\/2016\/11\/loggabillingen-e1611223751434.png","width":402,"height":123,"caption":"Billingens stugby och camping"},"image":{"@id":"https:\/\/billingensstugby.se\/de\/#\/schema\/logo\/image\/"},"sameAs":["https:\/\/www.instagram.com\/billingensstugby\/"]}]}</script>
<!-- / Yoast SEO plugin. -->

Fotograf André Nordblom - Billingens stugby &amp; camping

Kring matbordet på Billingens stugby & camping

Naturskön stugby &amp; camping belägen 3,5 km från centrum, på berget Billingen. Hyr ut stugor året runt. STF vandrarhem och SCR camping.

<p class="attachment"><a href='https://billingensstugby.se/wp-content/uploads/2022/03/009-hires-_01A4361-scaled.jpg'><img fetchpriority="high" decoding="async" width="300" height="200" src="https://billingensstugby.se/wp-content/uploads/2022/03/009-hires-_01A4361-300x200.jpg" class="attachment-medium size-medium" alt="Kring matbordet på Billingens stugby &amp; camping" srcset="https://billingensstugby.se/wp-content/uploads/2022/03/009-hires-_01A4361-300x200.jpg 300w, https://billingensstugby.se/wp-content/uploads/2022/03/009-hires-_01A4361-1024x683.jpg 1024w, https://billingensstugby.se/wp-content/uploads/2022/03/009-hires-_01A4361-768x512.jpg 768w, https://billingensstugby.se/wp-content/uploads/2022/03/009-hires-_01A4361-1536x1024.jpg 1536w, https://billingensstugby.se/wp-content/uploads/2022/03/009-hires-_01A4361-2048x1365.jpg 2048w, https://billingensstugby.se/wp-content/uploads/2022/03/009-hires-_01A4361-750x500.jpg 750w" sizes="(max-width: 300px) 100vw, 300px" /></a></p>

<p>Kring matbordet på Billingens stugby &#038; camping</p>

Fotograf André Nordblom / www.andrenordblom.se
