{"id":800,"date":"2019-11-08T10:34:05","date_gmt":"2019-11-08T09:34:05","guid":{"rendered":"http:\/\/tuanaf.sg-host.com\/wp-content\/uploads\/2019\/11\/Sweden-Outdoor-Festival-2016_Fotograf-Ma\u030arten-Bergkvist-151.jpg"},"modified":"2019-11-08T10:34:05","modified_gmt":"2019-11-08T09:34:05","slug":"sweden-outdoor-festival-2016_fotograf-ma%cc%8arten-bergkvist-151-2","status":"inherit","type":"attachment","link":"https:\/\/billingensstugby.se\/de\/hem\/sweden-outdoor-festival-2016_fotograf-ma%cc%8arten-bergkvist-151-2\/","title":{"rendered":"Sweden-Outdoor-Festival-2016_Fotograf-Ma\u030arten-Bergkvist-151"},"author":11,"featured_media":0,"comment_status":"open","ping_status":"closed","template":"","meta":{"_acf_changed":false,"_genesis_hide_title":false,"_genesis_hide_breadcrumbs":false,"_genesis_hide_singular_image":false,"_genesis_hide_footer_widgets":false,"_genesis_custom_body_class":"","_genesis_custom_post_class":"","_genesis_layout":""},"class_list":{"0":"post-800","1":"attachment","2":"type-attachment","3":"status-inherit","5":"entry"},"acf":[],"yoast_head":"<!-- This site is optimized with the Yoast SEO plugin v27.5 - https:\/\/yoast.com\/product\/yoast-seo-wordpress\/ -->\n<title>Sweden-Outdoor-Festival-2016_Fotograf-Ma\u030arten-Bergkvist-151 - Billingens stugby &amp; camping<\/title>\n<meta name=\"robots\" content=\"index, follow, max-snippet:-1, max-image-preview:large, max-video-preview:-1\" \/>\n<link rel=\"canonical\" href=\"https:\/\/billingensstugby.se\/de\/hem\/sweden-outdoor-festival-2016_fotograf-ma%cc%8arten-bergkvist-151-2\/\" \/>\n<meta property=\"og:locale\" content=\"de_DE\" \/>\n<meta property=\"og:type\" content=\"article\" \/>\n<meta property=\"og:title\" content=\"Sweden-Outdoor-Festival-2016_Fotograf-Ma\u030arten-Bergkvist-151 - Billingens stugby &amp; camping\" \/>\n<meta property=\"og:description\" content=\"flygfoto \u00f6ver sk\u00f6vde och billingen\" \/>\n<meta property=\"og:url\" content=\"https:\/\/billingensstugby.se\/de\/hem\/sweden-outdoor-festival-2016_fotograf-ma%cc%8arten-bergkvist-151-2\/\" \/>\n<meta property=\"og:site_name\" content=\"Billingens stugby &amp; camping\" \/>\n<meta property=\"og:image\" content=\"https:\/\/billingensstugby.se\/wp-content\/uploads\/2019\/11\/Sweden-Outdoor-Festival-2016_Fotograf-Ma\u030arten-Bergkvist-151.jpg\" \/>\n\t<meta property=\"og:image:width\" content=\"1997\" \/>\n\t<meta property=\"og:image:height\" content=\"500\" \/>\n\t<meta property=\"og:image:type\" content=\"image\/jpeg\" \/>\n<meta name=\"twitter:card\" content=\"summary_large_image\" \/>\n<script type=\"application\/ld+json\" class=\"yoast-schema-graph\">{\"@context\":\"https:\\\/\\\/schema.org\",\"@graph\":[{\"@type\":\"WebPage\",\"@id\":\"https:\\\/\\\/billingensstugby.se\\\/de\\\/hem\\\/sweden-outdoor-festival-2016_fotograf-ma%cc%8arten-bergkvist-151-2\\\/\",\"url\":\"https:\\\/\\\/billingensstugby.se\\\/de\\\/hem\\\/sweden-outdoor-festival-2016_fotograf-ma%cc%8arten-bergkvist-151-2\\\/\",\"name\":\"Sweden-Outdoor-Festival-2016_Fotograf-Ma\u030arten-Bergkvist-151 - Billingens stugby &amp; camping\",\"isPartOf\":{\"@id\":\"https:\\\/\\\/billingensstugby.se\\\/de\\\/#website\"},\"datePublished\":\"2019-11-08T09:34:05+00:00\",\"breadcrumb\":{\"@id\":\"https:\\\/\\\/billingensstugby.se\\\/de\\\/hem\\\/sweden-outdoor-festival-2016_fotograf-ma%cc%8arten-bergkvist-151-2\\\/#breadcrumb\"},\"inLanguage\":\"de\",\"potentialAction\":[{\"@type\":\"ReadAction\",\"target\":[\"https:\\\/\\\/billingensstugby.se\\\/de\\\/hem\\\/sweden-outdoor-festival-2016_fotograf-ma%cc%8arten-bergkvist-151-2\\\/\"]}]},{\"@type\":\"BreadcrumbList\",\"@id\":\"https:\\\/\\\/billingensstugby.se\\\/de\\\/hem\\\/sweden-outdoor-festival-2016_fotograf-ma%cc%8arten-bergkvist-151-2\\\/#breadcrumb\",\"itemListElement\":[{\"@type\":\"ListItem\",\"position\":1,\"name\":\"Hem\",\"item\":\"https:\\\/\\\/billingensstugby.se\\\/de\\\/\"},{\"@type\":\"ListItem\",\"position\":2,\"name\":\"Home\",\"item\":\"https:\\\/\\\/billingensstugby.se\\\/de\\\/\"},{\"@type\":\"ListItem\",\"position\":3,\"name\":\"Sweden-Outdoor-Festival-2016_Fotograf-Ma\u030arten-Bergkvist-151\"}]},{\"@type\":\"WebSite\",\"@id\":\"https:\\\/\\\/billingensstugby.se\\\/de\\\/#website\",\"url\":\"https:\\\/\\\/billingensstugby.se\\\/de\\\/\",\"name\":\"Billingens stugby &amp; camping\",\"description\":\"Natursk\u00f6n stugby &amp; camping bel\u00e4gen 3,5 km fr\u00e5n centrum, p\u00e5 berget Billingen. Hyr ut stugor \u00e5ret runt. STF vandrarhem och SCR camping.\",\"publisher\":{\"@id\":\"https:\\\/\\\/billingensstugby.se\\\/de\\\/#organization\"},\"potentialAction\":[{\"@type\":\"SearchAction\",\"target\":{\"@type\":\"EntryPoint\",\"urlTemplate\":\"https:\\\/\\\/billingensstugby.se\\\/de\\\/?s={search_term_string}\"},\"query-input\":{\"@type\":\"PropertyValueSpecification\",\"valueRequired\":true,\"valueName\":\"search_term_string\"}}],\"inLanguage\":\"de\"},{\"@type\":\"Organization\",\"@id\":\"https:\\\/\\\/billingensstugby.se\\\/de\\\/#organization\",\"name\":\"Billingens stugby och camping\",\"url\":\"https:\\\/\\\/billingensstugby.se\\\/de\\\/\",\"logo\":{\"@type\":\"ImageObject\",\"inLanguage\":\"de\",\"@id\":\"https:\\\/\\\/billingensstugby.se\\\/de\\\/#\\\/schema\\\/logo\\\/image\\\/\",\"url\":\"https:\\\/\\\/billingensstugby.se\\\/wp-content\\\/uploads\\\/2016\\\/11\\\/loggabillingen-e1611223751434.png\",\"contentUrl\":\"https:\\\/\\\/billingensstugby.se\\\/wp-content\\\/uploads\\\/2016\\\/11\\\/loggabillingen-e1611223751434.png\",\"width\":402,\"height\":123,\"caption\":\"Billingens stugby och camping\"},\"image\":{\"@id\":\"https:\\\/\\\/billingensstugby.se\\\/de\\\/#\\\/schema\\\/logo\\\/image\\\/\"},\"sameAs\":[\"https:\\\/\\\/www.instagram.com\\\/billingensstugby\\\/\"]}]}<\/script>\n<!-- \/ Yoast SEO plugin. -->","yoast_head_json":{"title":"Sweden-Outdoor-Festival-2016_Fotograf-Ma\u030arten-Bergkvist-151 - Billingens stugby &amp; camping","robots":{"index":"index","follow":"follow","max-snippet":"max-snippet:-1","max-image-preview":"max-image-preview:large","max-video-preview":"max-video-preview:-1"},"canonical":"https:\/\/billingensstugby.se\/de\/hem\/sweden-outdoor-festival-2016_fotograf-ma%cc%8arten-bergkvist-151-2\/","og_locale":"de_DE","og_type":"article","og_title":"Sweden-Outdoor-Festival-2016_Fotograf-Ma\u030arten-Bergkvist-151 - Billingens stugby &amp; camping","og_description":"flygfoto \u00f6ver sk\u00f6vde och billingen","og_url":"https:\/\/billingensstugby.se\/de\/hem\/sweden-outdoor-festival-2016_fotograf-ma%cc%8arten-bergkvist-151-2\/","og_site_name":"Billingens stugby &amp; camping","og_image":[{"width":1997,"height":500,"url":"https:\/\/billingensstugby.se\/wp-content\/uploads\/2019\/11\/Sweden-Outdoor-Festival-2016_Fotograf-Ma\u030arten-Bergkvist-151.jpg","type":"image\/jpeg"}],"twitter_card":"summary_large_image","schema":{"@context":"https:\/\/schema.org","@graph":[{"@type":"WebPage","@id":"https:\/\/billingensstugby.se\/de\/hem\/sweden-outdoor-festival-2016_fotograf-ma%cc%8arten-bergkvist-151-2\/","url":"https:\/\/billingensstugby.se\/de\/hem\/sweden-outdoor-festival-2016_fotograf-ma%cc%8arten-bergkvist-151-2\/","name":"Sweden-Outdoor-Festival-2016_Fotograf-Ma\u030arten-Bergkvist-151 - Billingens stugby &amp; camping","isPartOf":{"@id":"https:\/\/billingensstugby.se\/de\/#website"},"datePublished":"2019-11-08T09:34:05+00:00","breadcrumb":{"@id":"https:\/\/billingensstugby.se\/de\/hem\/sweden-outdoor-festival-2016_fotograf-ma%cc%8arten-bergkvist-151-2\/#breadcrumb"},"inLanguage":"de","potentialAction":[{"@type":"ReadAction","target":["https:\/\/billingensstugby.se\/de\/hem\/sweden-outdoor-festival-2016_fotograf-ma%cc%8arten-bergkvist-151-2\/"]}]},{"@type":"BreadcrumbList","@id":"https:\/\/billingensstugby.se\/de\/hem\/sweden-outdoor-festival-2016_fotograf-ma%cc%8arten-bergkvist-151-2\/#breadcrumb","itemListElement":[{"@type":"ListItem","position":1,"name":"Hem","item":"https:\/\/billingensstugby.se\/de\/"},{"@type":"ListItem","position":2,"name":"Home","item":"https:\/\/billingensstugby.se\/de\/"},{"@type":"ListItem","position":3,"name":"Sweden-Outdoor-Festival-2016_Fotograf-Ma\u030arten-Bergkvist-151"}]},{"@type":"WebSite","@id":"https:\/\/billingensstugby.se\/de\/#website","url":"https:\/\/billingensstugby.se\/de\/","name":"Billingens stugby &amp; camping","description":"Natursk\u00f6n stugby &amp; camping bel\u00e4gen 3,5 km fr\u00e5n centrum, p\u00e5 berget Billingen. Hyr ut stugor \u00e5ret runt. STF vandrarhem och SCR camping.","publisher":{"@id":"https:\/\/billingensstugby.se\/de\/#organization"},"potentialAction":[{"@type":"SearchAction","target":{"@type":"EntryPoint","urlTemplate":"https:\/\/billingensstugby.se\/de\/?s={search_term_string}"},"query-input":{"@type":"PropertyValueSpecification","valueRequired":true,"valueName":"search_term_string"}}],"inLanguage":"de"},{"@type":"Organization","@id":"https:\/\/billingensstugby.se\/de\/#organization","name":"Billingens stugby och camping","url":"https:\/\/billingensstugby.se\/de\/","logo":{"@type":"ImageObject","inLanguage":"de","@id":"https:\/\/billingensstugby.se\/de\/#\/schema\/logo\/image\/","url":"https:\/\/billingensstugby.se\/wp-content\/uploads\/2016\/11\/loggabillingen-e1611223751434.png","contentUrl":"https:\/\/billingensstugby.se\/wp-content\/uploads\/2016\/11\/loggabillingen-e1611223751434.png","width":402,"height":123,"caption":"Billingens stugby och camping"},"image":{"@id":"https:\/\/billingensstugby.se\/de\/#\/schema\/logo\/image\/"},"sameAs":["https:\/\/www.instagram.com\/billingensstugby\/"]}]}},"description":{"rendered":"<p class=\"attachment\"><a href='https:\/\/billingensstugby.se\/wp-content\/uploads\/2019\/11\/Sweden-Outdoor-Festival-2016_Fotograf-Ma\u030arten-Bergkvist-151.jpg'><img decoding=\"async\" width=\"300\" height=\"75\" src=\"https:\/\/billingensstugby.se\/wp-content\/uploads\/2019\/11\/Sweden-Outdoor-Festival-2016_Fotograf-Ma\u030arten-Bergkvist-151-300x75.jpg\" class=\"attachment-medium size-medium\" alt=\"\" srcset=\"https:\/\/billingensstugby.se\/wp-content\/uploads\/2019\/11\/Sweden-Outdoor-Festival-2016_Fotograf-Ma\u030arten-Bergkvist-151-300x75.jpg 300w, https:\/\/billingensstugby.se\/wp-content\/uploads\/2019\/11\/Sweden-Outdoor-Festival-2016_Fotograf-Ma\u030arten-Bergkvist-151-768x192.jpg 768w, https:\/\/billingensstugby.se\/wp-content\/uploads\/2019\/11\/Sweden-Outdoor-Festival-2016_Fotograf-Ma\u030arten-Bergkvist-151-1024x256.jpg 1024w, https:\/\/billingensstugby.se\/wp-content\/uploads\/2019\/11\/Sweden-Outdoor-Festival-2016_Fotograf-Ma\u030arten-Bergkvist-151.jpg 1997w\" sizes=\"(max-width: 300px) 100vw, 300px\" \/><\/a><\/p>\n<p>flygfoto \u00f6ver sk\u00f6vde och billingen<\/p>\n"},"caption":{"rendered":"<p>flygfoto \u00f6ver sk\u00f6vde och billingen<\/p>\n"},"alt_text":"","media_type":"image","mime_type":"image\/jpeg","media_details":{"width":1997,"height":500,"file":"2019\/11\/Sweden-Outdoor-Festival-2016_Fotograf-Ma\u030arten-Bergkvist-151.jpg","sizes":{"thumbnail":{"file":"Sweden-Outdoor-Festival-2016_Fotograf-Ma\u030arten-Bergkvist-151-300x300.jpg","width":300,"height":300,"mime_type":"image\/jpeg","source_url":"https:\/\/billingensstugby.se\/wp-content\/uploads\/2019\/11\/Sweden-Outdoor-Festival-2016_Fotograf-Ma\u030arten-Bergkvist-151-300x300.jpg"},"medium":{"file":"Sweden-Outdoor-Festival-2016_Fotograf-Ma\u030arten-Bergkvist-151-300x75.jpg","width":300,"height":75,"mime_type":"image\/jpeg","source_url":"https:\/\/billingensstugby.se\/wp-content\/uploads\/2019\/11\/Sweden-Outdoor-Festival-2016_Fotograf-Ma\u030arten-Bergkvist-151-300x75.jpg"},"medium_large":{"file":"Sweden-Outdoor-Festival-2016_Fotograf-Ma\u030arten-Bergkvist-151-768x192.jpg","width":768,"height":192,"mime_type":"image\/jpeg","source_url":"https:\/\/billingensstugby.se\/wp-content\/uploads\/2019\/11\/Sweden-Outdoor-Festival-2016_Fotograf-Ma\u030arten-Bergkvist-151-768x192.jpg"},"large":{"file":"Sweden-Outdoor-Festival-2016_Fotograf-Ma\u030arten-Bergkvist-151-1024x256.jpg","width":1024,"height":256,"mime_type":"image\/jpeg","source_url":"https:\/\/billingensstugby.se\/wp-content\/uploads\/2019\/11\/Sweden-Outdoor-Festival-2016_Fotograf-Ma\u030arten-Bergkvist-151-1024x256.jpg"},"full":{"file":"Sweden-Outdoor-Festival-2016_Fotograf-Ma\u030arten-Bergkvist-151.jpg","width":1997,"height":500,"mime_type":"image\/jpeg","source_url":"https:\/\/billingensstugby.se\/wp-content\/uploads\/2019\/11\/Sweden-Outdoor-Festival-2016_Fotograf-Ma\u030arten-Bergkvist-151.jpg"}},"image_meta":{"aperture":"16","credit":"","camera":"Canon EOS 5D Mark III","caption":"","created_timestamp":"1474143204","copyright":"","focal_length":"70","iso":"1600","shutter_speed":"8","title":"","orientation":"1","keywords":[]}},"post":2314,"source_url":"https:\/\/billingensstugby.se\/wp-content\/uploads\/2019\/11\/Sweden-Outdoor-Festival-2016_Fotograf-Ma\u030arten-Bergkvist-151.jpg","_links":{"self":[{"href":"https:\/\/billingensstugby.se\/de\/wp-json\/wp\/v2\/media\/800","targetHints":{"allow":["GET"]}}],"collection":[{"href":"https:\/\/billingensstugby.se\/de\/wp-json\/wp\/v2\/media"}],"about":[{"href":"https:\/\/billingensstugby.se\/de\/wp-json\/wp\/v2\/types\/attachment"}],"author":[{"embeddable":true,"href":"https:\/\/billingensstugby.se\/de\/wp-json\/wp\/v2\/users\/11"}],"replies":[{"embeddable":true,"href":"https:\/\/billingensstugby.se\/de\/wp-json\/wp\/v2\/comments?post=800"}],"wp:attached-to":[{"embeddable":true,"post_type":"page","id":2314,"href":"https:\/\/billingensstugby.se\/de\/wp-json\/wp\/v2\/pages\/2314"}],"curies":[{"name":"wp","href":"https:\/\/api.w.org\/{rel}","templated":true}]}}

<!-- This site is optimized with the Yoast SEO plugin v27.5 - https://yoast.com/product/yoast-seo-wordpress/ -->
<title>Sweden-Outdoor-Festival-2016_Fotograf-Mårten-Bergkvist-151 - Billingens stugby &amp; camping</title>
<meta name="robots" content="index, follow, max-snippet:-1, max-image-preview:large, max-video-preview:-1" />
<link rel="canonical" href="https://billingensstugby.se/de/hem/sweden-outdoor-festival-2016_fotograf-ma%cc%8arten-bergkvist-151-2/" />
<meta property="og:locale" content="de_DE" />
<meta property="og:type" content="article" />
<meta property="og:title" content="Sweden-Outdoor-Festival-2016_Fotograf-Mårten-Bergkvist-151 - Billingens stugby &amp; camping" />
<meta property="og:description" content="flygfoto över skövde och billingen" />
<meta property="og:url" content="https://billingensstugby.se/de/hem/sweden-outdoor-festival-2016_fotograf-ma%cc%8arten-bergkvist-151-2/" />
<meta property="og:site_name" content="Billingens stugby &amp; camping" />
<meta property="og:image" content="https://billingensstugby.se/wp-content/uploads/2019/11/Sweden-Outdoor-Festival-2016_Fotograf-Mårten-Bergkvist-151.jpg" />
	<meta property="og:image:width" content="1997" />
	<meta property="og:image:height" content="500" />
	<meta property="og:image:type" content="image/jpeg" />
<meta name="twitter:card" content="summary_large_image" />
<script type="application/ld+json" class="yoast-schema-graph">{"@context":"https:\/\/schema.org","@graph":[{"@type":"WebPage","@id":"https:\/\/billingensstugby.se\/de\/hem\/sweden-outdoor-festival-2016_fotograf-ma%cc%8arten-bergkvist-151-2\/","url":"https:\/\/billingensstugby.se\/de\/hem\/sweden-outdoor-festival-2016_fotograf-ma%cc%8arten-bergkvist-151-2\/","name":"Sweden-Outdoor-Festival-2016_Fotograf-Mårten-Bergkvist-151 - Billingens stugby &amp; camping","isPartOf":{"@id":"https:\/\/billingensstugby.se\/de\/#website"},"datePublished":"2019-11-08T09:34:05+00:00","breadcrumb":{"@id":"https:\/\/billingensstugby.se\/de\/hem\/sweden-outdoor-festival-2016_fotograf-ma%cc%8arten-bergkvist-151-2\/#breadcrumb"},"inLanguage":"de","potentialAction":[{"@type":"ReadAction","target":["https:\/\/billingensstugby.se\/de\/hem\/sweden-outdoor-festival-2016_fotograf-ma%cc%8arten-bergkvist-151-2\/"]}]},{"@type":"BreadcrumbList","@id":"https:\/\/billingensstugby.se\/de\/hem\/sweden-outdoor-festival-2016_fotograf-ma%cc%8arten-bergkvist-151-2\/#breadcrumb","itemListElement":[{"@type":"ListItem","position":1,"name":"Hem","item":"https:\/\/billingensstugby.se\/de\/"},{"@type":"ListItem","position":2,"name":"Home","item":"https:\/\/billingensstugby.se\/de\/"},{"@type":"ListItem","position":3,"name":"Sweden-Outdoor-Festival-2016_Fotograf-Mårten-Bergkvist-151"}]},{"@type":"WebSite","@id":"https:\/\/billingensstugby.se\/de\/#website","url":"https:\/\/billingensstugby.se\/de\/","name":"Billingens stugby &amp; camping","description":"Naturskön stugby &amp; camping belägen 3,5 km från centrum, på berget Billingen. Hyr ut stugor året runt. STF vandrarhem och SCR camping.","publisher":{"@id":"https:\/\/billingensstugby.se\/de\/#organization"},"potentialAction":[{"@type":"SearchAction","target":{"@type":"EntryPoint","urlTemplate":"https:\/\/billingensstugby.se\/de\/?s={search_term_string}"},"query-input":{"@type":"PropertyValueSpecification","valueRequired":true,"valueName":"search_term_string"}}],"inLanguage":"de"},{"@type":"Organization","@id":"https:\/\/billingensstugby.se\/de\/#organization","name":"Billingens stugby och camping","url":"https:\/\/billingensstugby.se\/de\/","logo":{"@type":"ImageObject","inLanguage":"de","@id":"https:\/\/billingensstugby.se\/de\/#\/schema\/logo\/image\/","url":"https:\/\/billingensstugby.se\/wp-content\/uploads\/2016\/11\/loggabillingen-e1611223751434.png","contentUrl":"https:\/\/billingensstugby.se\/wp-content\/uploads\/2016\/11\/loggabillingen-e1611223751434.png","width":402,"height":123,"caption":"Billingens stugby och camping"},"image":{"@id":"https:\/\/billingensstugby.se\/de\/#\/schema\/logo\/image\/"},"sameAs":["https:\/\/www.instagram.com\/billingensstugby\/"]}]}</script>
<!-- / Yoast SEO plugin. -->

flygfoto över skövde och billingen

Naturskön stugby &amp; camping belägen 3,5 km från centrum, på berget Billingen. Hyr ut stugor året runt. STF vandrarhem och SCR camping.

<p class="attachment"><a href='https://billingensstugby.se/wp-content/uploads/2019/11/Sweden-Outdoor-Festival-2016_Fotograf-Mårten-Bergkvist-151.jpg'><img decoding="async" width="300" height="75" src="https://billingensstugby.se/wp-content/uploads/2019/11/Sweden-Outdoor-Festival-2016_Fotograf-Mårten-Bergkvist-151-300x75.jpg" class="attachment-medium size-medium" alt="" srcset="https://billingensstugby.se/wp-content/uploads/2019/11/Sweden-Outdoor-Festival-2016_Fotograf-Mårten-Bergkvist-151-300x75.jpg 300w, https://billingensstugby.se/wp-content/uploads/2019/11/Sweden-Outdoor-Festival-2016_Fotograf-Mårten-Bergkvist-151-768x192.jpg 768w, https://billingensstugby.se/wp-content/uploads/2019/11/Sweden-Outdoor-Festival-2016_Fotograf-Mårten-Bergkvist-151-1024x256.jpg 1024w, https://billingensstugby.se/wp-content/uploads/2019/11/Sweden-Outdoor-Festival-2016_Fotograf-Mårten-Bergkvist-151.jpg 1997w" sizes="(max-width: 300px) 100vw, 300px" /></a></p>
<p>flygfoto över skövde och billingen</p>

<p>flygfoto över skövde och billingen</p>
